digit of p(q)?
8
What is the units digit of -1 + (-11)/(-9) + (-2656)/(-36)?
4
Let x = 30 - 13. Let q = x - 9. What is the units digit of q?
8
Let w(r) = -7*r - 73. What is the units digit of w(-22)?
1
Let r(s) = s**3 + s + 12. Let q = -7 - -7. Let p be r(q). Let x(a) = a**2 - 11*a - 2. What is the tens digit of x(p)?
1
What is the tens digit of (-3)/1 + 4 + 33?
3
Let x = 24 + 2. What is the tens digit of x?
2
Let i = 0 + -6. Let d be (-3)/(0 - i)*-6. Suppose -4*k = -1 - d. What is the units digit of k?
1
Let h(f) = f + 3. Suppose -5*j = k, 5*j + 3*k = 6*k - 20. Let a be j + -10*2/(-4). What is the units digit of h(a)?
7
Let j = 11 + -15. Let u be (0 + j)/(4 + -3). Let m = u - -6. What is the units digit of m?
2
Suppose 0 = 4*t - f - 191, 118 - 15 = 2*t - 3*f. What is the units digit of t?
7
Let m(s) = 3*s. Let x be m(-1). What is the tens digit of 4*((-30)/4)/x?
1
Suppose -5*a + 447 = -2*a. What is the hundreds digit of a?
1
Suppose -5*b = 4*p - 2*b + 15, -15 = 2*p + 3*b. Suppose 2*v = -3*n - p*n + 64, -5*v - 3*n = -151. What is the tens digit of v?
2
What is the units digit of 11 - (5 + -2 - 2)?
0
Let l be (6/4 + 0)*2. Suppose l*g = 4*g + 4. What is the units digit of 5/2*g/(-5)?
2
Let n(h) = -2*h**2 + 8*h + 5. Let r be n(6). Let g be (-74)/(2/5*5). Let i = r - g. What is the units digit of i?
8
What is the units digit of (-4)/(-2) - (-5 - 2)?
9
Let s = -92 - -170. What is the tens digit of s?
7
Let r be (4 - 2) + 196/4. Suppose -i = -5*c + 71, i = 4*c + 6*i - r. What is the units digit of c?
4
Let b = 7 - 7. Suppose 3*f - j + 9 + 11 = b, -4*j = -8. Let g = 4 - f. What is the tens digit of g?
1
Let m = 6 - 4. Suppose -m*l + 4*l = -f + 21, -5*f + 57 = -2*l. What is the tens digit of f?
1
What is the tens digit of 12/7*((-4)/1 + 11)?
1
Let q = 10 - -8. What is the units digit of q?
8
Let n(f) = f + 4. Let m be n(-4). Let w(i) = -2*i**2 + 31. What is the units digit of w(m)?
1
Suppose -2*t + 54 = -32. What is the units digit of t?
3
Let m = 10 - 10. Let u(z) = z**2 - z + 18. What is the tens digit of u(m)?
1
Let l(t) = 18*t**2 + 3*t + 3. Let u(j) = -17*j**2 - 2*j - 2. Let v(x) = -3*l(x) - 4*u(x). What is the tens digit of v(-1)?
1
Let p(t) = -t**3 + 13*t**2 - 7*t + 12. What is the units digit of p(12)?
2
Let y(z) = -2*z + 3. What is the units digit of y(-1)?
5
Let t = -6 + 9. Suppose 0 = -i - t*z + 25, -6*i - 5*z + 75 = -i. Suppose 0 = -4*m + i + 26. What is the units digit of m?
9
Suppose -u + 4*y = 3*u - 4, 23 = 5*u + 4*y. Suppose u*a + 2*a - 10 = 0. Suppose p + 19 = 4*d, -a*d + 0*p + 5*p = 13. What is the units digit of d?
6
Suppose -n - 1 - 1 = 0. What is the units digit of (-3)/(-1 - (-1)/n)?
2
Let t be -2 + (-10)/6*-3. Let w = 6 - t. Suppose -h + s + 9 = 1, 59 = w*h + 4*s. What is the units digit of h?
3
Let y(g) = g**2 - 16*g + 18. Let d be y(15). Suppose -z + d*m + 44 = 0, -1 = 2*m + 3. What is the units digit of z?
8
Let u = 2 + 0. Suppose 4*f - 3*z = 2*z - u, -5*z = -2*f - 6. What is the units digit of 3/(-6) - (-3)/f?
1
Let t(c) = -20*c - 27. What is the tens digit of t(-5)?
7
Suppose 0 = -3*u + 3, -5*k - 2*u + 441 = -6*u. What is the units digit of k?
9
Let n(o) = o**3 + 4*o**2 - 5*o + 2. Let p be n(-5). Suppose -16 = g - p*g. What is the tens digit of g?
1
Suppose 2*m + 10 = 34. Let n = 112 + -117. Let i = m + n. What is the units digit of i?
7
Let w(r) = 11*r**2. Let p be w(-2). Suppose -5*a + p = 2*o, -5*a = o - 16 - 16. What is the tens digit of o?
1
Suppose -2*t - 4*n = 24, 3*n + 0*n + 12 = 0. Suppose 20 = -6*u + 2*u. Let m = t - u. What is the units digit of m?
1
Suppose 0 = 2*l - 5*l + 12, -t = 3*l - 13. Let m be -3 + t - 60/(-3). Suppose -3*c - m = -6*c. What is the units digit of c?
6
Suppose 8 = -4*w + 5*m, 0 = 4*w + 4*m - m - 24. Let o be (w/9)/(4/48). Suppose 0 = -o*b + 4, 6 = c + 2*b + b. What is the units digit of c?
3
Let u(k) = -k**3 - 4*k**2 - 3. Let l be u(-5). Let n = l - 13. What is the units digit of n?
9
Suppose -3*g = -3*c + 2*c - 22, 3*g + 2*c - 19 = 0. Let w = g - 1. What is the units digit of w?
6
Let s = 336 + -172. What is the units digit of s?
4
Suppose -7*b + 2*b = -10. Suppose 6*u - b*u = 16. Suppose -30 = -u*y + y. What is the units digit of y?
0
Suppose 0 = 2*z + 12 - 36. What is the units digit of z?
2
Let x = 73 + -19. What is the tens digit of x?
5
Suppose 3*x = w - 15, 10 = 2*w - x - x. Suppose 2*i - 14 - 10 = w. What is the tens digit of i?
1
Suppose 3 - 1 = i, -2*y + 488 = i. What is the hundreds digit of y?
2
Suppose -537 - 178 = -5*r. What is the hundreds digit of r?
1
What is the units digit of 301*((-38)/14 - -3)?
6
Let a(j) be the second derivative of -j**3/2 - 3*j**2/2 + 3*j. What is the units digit of a(-2)?
3
Let o = 0 + 0. Suppose 0 = -2*n - 3*r + 32, 0 = n - o*n + r - 15. Suppose 5 = -5*i - 5, 0 = -5*f - i + n. What is the units digit of f?
3
Let n be -15*(96/(-20))/2. Suppose 0 = h - n + 13. What is the units digit of h?
3
Let h be 4 + (-3 + 0 - -3). What is the units digit of -5*((-144)/20)/h?
9
Let k be 0*(-1 - 0/(-2)). Suppose 3*a + v = 67, -2*a + k*a + 5*v = -22. What is the tens digit of a?
2
Let p(b) = -b + 1. Let k be p(0). Let y be k + (-3)/(2 + -5). Suppose -y*r + 5*w - 11 = 0, 3*r + 4*w - 27 = 2*r. What is the units digit of r?
7
Let j be 83 - (2 + -5)/3. Let r = -59 + j. What is the units digit of r?
5
Let y = -11 - -16. Suppose -2*i = g - 35, -4*i + 64 = y*g + 9. What is the tens digit of i?
2
Let w = -68 - -96. What is the units digit of w?
8
Let u = -10 + 18. Suppose -2*g - 4*j + 12 = -u*j, -2*g - 12 = 2*j. What is the units digit of -7*g/(-7)*-3?
6
Suppose 30 = 4*c + 3*j, 0*c + j = c - 11. Let g = 1 + c. What is the units digit of g?
0
What is the units digit of 18*(4 + -2) + -1 + 1?
6
Suppose 3*d - 139 = 5*u, -4*u = 4*d - 7*d + 137. What is the units digit of d?
3
Let i(j) = j**3 + j**2 + 7. What is the tens digit of i(4)?
8
Let d be (1/(-3))/(4/(-60)). Suppose 4*l - 49 = -3*v, -d*l - 2*v + 4*v = -90. What is the units digit of l?
6
Let u = -5 - -14. Let q = 3 + u. What is the tens digit of q?
1
Let i(b) = -56*b + 1. What is the tens digit of i(-2)?
1
Let j be 3 - 4 - (-3)/1. What is the units digit of -7*(-1 + -2 + j)?
7
Let v(n) = n**2 + 4*n - 3. Let y(j) = j**3 - 6*j**2 - j. Let d be y(6). What is the units digit of v(d)?
9
Suppose 2*q + 7*p - 2*p = -77, -4*q - p - 199 = 0. Let s = 74 + q. What is the tens digit of s?
2
Let o be 5/((-5)/(-3)) + 27. What is the units digit of (-10)/o + 68/6?
1
Let x be (1 - -2)/(3/(-2)). Let g = 3 + x. What is the units digit of g?
1
Suppose 20 = 4*h - 4*l, -3*h - 4*l = -2*h + 20. Suppose -2*b - 3*i + h + 10 = 0, 0 = 5*b + 5*i - 20. Suppose -6*t + b*t = -4. What is the units digit of t?
1
Let b be (-108)/(-3*1) + 1. Suppose -3*f + 23 = -4*z, 4*z + b = 4*f + 9. Let j = 3 + z. What is the units digit of j?
1
What is the units digit of 7*5 - (-14)/(-7)?
3
Suppose 3*p - 4*p = -3. Suppose 5*v - p*z - 107 = 0, -34 + 83 = 2*v + 5*z. Suppose v = 4*w - 5*x, 4*w - 8 = -0*w - 2*x. What is the units digit of w?
3
Let c be (2/(-6))/(7/(-105)). Suppose 0*w + 5 = c*w. What is the units digit of w?
1
Let q = 6 - 4. What is the units digit of q + (-1*2 - -2)?
2
Suppose -5*a - 60 = -10*a. Let s(r) = -r - 2. Let u be s(-5). Suppose -5*v = 2*o - a, -3*o + u*v + 39 = -0*o. What is the tens digit of o?
1
Suppose 4*k - 164 = -0*k. What is the units digit of k?
1
Let v be (0 - (1 - 0)) + 6. Suppose 2 = v*o - 3. What is the units digit of (4 + -2 - 1) + o?
2
Let f = 3 + 1. Suppose -f*m = -2*p + 100, 0*p + 12 = 3*p. Let d = 41 + m. What is the units digit of d?
8
Suppose 3*h - 1 - 11 = 0. Let f be (40/(-25))/(h/(-10)). Suppose -3*m = -6*m - f*o + 19, 0 = 3*m + o - 7. What is the units digit of m?
1
Let f(w) = 2 + 0*w**3 - 2*w**2 + w**2 + 2*w + w**3 - w. Let y be f(2). Let c(r) = -r + 14. What is the units digit of c(y)?
6
Let y = 211 - 184. What is the units digit of y?
7
Suppose 2*h = 5*h - 6. Let l(d) = 0*d - h*d - 2*d**2 + 2 + 3*d**2. What is the units digit of l(3)?
5
Let o = -204 - -619. What is the tens digit of o?
1
Suppose -40 = -4*c - 4*x + x, 2*c = 4*x + 20. Suppose g - 19 = 5*g + o, -2*g + 2*o - 22 = 0. Let q = c + g. What is the units digit of q?
4
Suppose 0 = -6*j + 173 + 235. What is the tens digit of j?
6
Let m(r) be the second derivative